 to base 12.
8508a
Convert 1c9d8 (base 15) to base 2.
10110110010101001
-165167 (base 9) to base 13
-37699
What is aa39c (base 15) in base 7?
4411512
Convert 5150554 (base 6) to base 7.
2051206
-33040060 (base 9) to base 10
-15969528
What is d73386 (base 14) in base 4?
123232302322
1453174 (base 8) to base 4
1211121330
What is -101301 (base 4) in base 12?
-7a9
339826 (base 10) to base 13
bb8a6
Convert 782d1 (base 15) to base 3.
201102000221
What is 6ed14b (base 16) in base 9?
14588287
232997 (base 12) to base 6
20034311
What is 64811a (base 11) in base 14?
1cd5da
Convert -1003173 (base 14) to base 9.
-15158247
Convert 224204 (base 11) to base 13.
c6620
What is 21ca2c (base 13) in base 9?
1447313
What is -110110010001001101100 (base 2) in base 11?
-1005062
What is -ca81fe (base 16) in base 11?
-7545126
What is -31433141 (base 5) in base 15?
-536d1
What is 1041263 (base 7) in base 14?
347a3
Convert 340411003 (base 5) to base 10.
1497628
What is -1014321 (base 9) in base 2?
-10000100000111111100
10614224 (base 9) to base 11
29a5a62
11b2592 (base 13) to base 16
54313f
What is -10b36 (base 15) in base 2?
-1100111110011111
142043122 (base 5) to base 11
463a31
11551 (base 8) to base 10
4969
What is -11443021422 (base 5) in base 4?
-310002212000
What is -2623a9 (base 14) in base 13?
-36c466
-28a19 (base 13) to base 10
-76410
Convert 1ba748 (base 13) to base 4.
2231001011
What is 15d9e5 (base 16) in base 9?
2622342
Convert -1032020 (base 6) to base 10.
-50988
Convert 72680 (base 11) to base 13.
39300
-81dda (base 14) to base 7
-2441663
What is -2c4c4c (base 14) in base 7?
-16114025
50190 (base 15) to base 6
5233313
What is 43313010 (base 5) in base 13?
cc3b9
-258506 (base 9) to base 6
-3211310
What is 76199 (base 14) in base 15?
599c2
What is -1491c0 (base 13) in base 3?
-221200121020
-745369 (base 16) to base 10
-7623529
Convert 231751 (base 8) to base 16.
133e9
What is 21021012211 (base 3) in base 8?
427301
What is -2732387 (base 9) in base 8?
-5555130
Convert -2333642 (base 11) to base 5.
-2020344323
10240251 (base 6) to base 12
126087
What is -314433220 (base 5) in base 16?
-1440ce
-6331530 (base 7) to base 9
-1384160
104662415 (base 7) to base 9
12850605
121221210110 (base 3) to base 14
898a0
What is 4159 (base 11) in base 13?
267a
Convert -23126353 (base 7) to base 2.
-111101110000111001101
-69631 (base 12) to base 14
-394a1
Convert -11222021111120 (base 3) to base 16.
-28542f
255893a (base 12) to base 2
11011111110110000111110
What is 21041030 (base 7) in base 2?
110110001010001101111
111403040 (base 5) to base 4
1321121312
-97335 (base 10) to base 11
-67147
What is -1275658 (base 9) in base 11?
-438726
Convert -2204226 (base 10) to base 6.
-115124430
What is 8a8562 (base 12) in base 6?
115231402
What is -110e8 (base 16) in base 14?
-1b664
Convert -1042b01 (base 13) to base 10.
-4947307
What is 26423 (base 10) in base 6?
322155
139006 (base 10) to base 11
9548a
-202102002 (base 3) to base 2
-11101000011111
Convert 4828 (base 12) to base 6.
101252
What is -1433022 (base 7) in base 2?
-101111001001100101
What is 1185ba7 (base 12) in base 14?
64b14b
24542222 (base 6) to base 8
3011046
Convert -1342141 (base 6) to base 4.
-102132031
Convert -572911 (base 16) to base 13.
-124cc8a
-2221202111 (base 4) to base 6
-22514525
-818621 (base 11) to base 5
-314030241
What is 4320515 (base 7) in base 16?
806fc
What is 371120 (base 11) in base 9?
1084328
Convert 204564 (base 9) to base 2.
11101101010000101
416503 (base 7) to base 6
1313011
Convert -10422323420 (base 5) to base 10.
-11526735
Convert -36320 (base 8) to base 9.
-23317
What is 112200000222 (base 3) in base 2?
1000110011111000110
What is -20221224 (base 6) in base 16?
-8d310
Convert -a1968 (base 11) to base 10.
-148904
What is 1a54923 (base 11) in base 6?
202110242
What is -5101522 (base 6) in base 13?
-85ba4
What is 6927730 (base 10) in base 6?
404252454
Convert 10101001111001111001010 (base 2) to base 9.
11425067
Convert -2306 (base 13) to base 8.
-11453
-7123381 (base 9) to base 8
-16363511
Convert -101210213 (base 5) to base 15.
-82658
Convert bf14 (base 16) to base 8.
137424
Convert 154020310 (base 6) to base 5.
1314044001
What is 322223 (base 8) in base 15?
21d7c
122922 (base 11) to base 13
6a475
What is -5002035 (base 7) in base 12?
-2449b9
Convert 9ddd3e (base 15) to base 13.
173c879
Convert 232213410 (base 5) to base 7.
11650362
-171810 (base 14) to base 16
-c6036
What is -213323220 (base 4) in base 2?
-100111111011101000
What is 100110011000001001000 (base 2) in base 16?
133048
Convert -4332a (base 12) to base 15.
-1b3b4
Convert 60090 (base 10) to base 15.
12c10
What is -400a4a (base 11) in base 9?
-1183366
ac (base 15) to base 10
162
-101030332223 (base 4) to base 10
-4509611
Convert -d73b89 (base 16) to base 9.
-28478066
196023 (base 15) to base 6
42250523
-156402111 (base 7) to base 14
-15b5741
What is -829b (base 12) in base 6?
-145515
What is -99098 (base 12) in base 3?
-101021111022
Convert 1100110101001101 (base 2) to base 14.
15221
Convert 103300001120 (base 4) to base 15.
6c40c2
2022210321 (base 4) to base 8
2124471
What is -135013414 (base 7) in base 13?
-1aa0b80
Convert 20229 (base 12) to base 3.
2010022220
54811 (base 12) to base 13
3bb39
42548 (base 10) to base 8
123064
Convert 25102312 (base 8) to base 2.
10101001000010011001010
Convert -42433 (base 6) to base 10.
-5781
What is 1670152 (base 13) in base 8?
33531312
Convert 12033102032 (base 4) to base 7.
16621064
Convert -1119c51 (base 13) to base 3.
-100212122122000
10250414 (base 6) to base 8
1116052
145a29 (base 13) to base 9
838417
Convert -2022222111 (base 4) to base 10.
-567957
Convert 1110b11 (base 13) to base 15.
6d42e1
-1045540 (base 6) to base 3
-2200212120
What is 4c4b2 (base 13) in base 15?
2bd89
Convert -192a686 (base 12) to base 5.
-2323111230
-1221322 (base 5) to base 11
-16596
Convert -12743823 (base 9) to base 5.
-3102211134
What is -1121560 (base 8) in base 3?
-120102222200
Convert -10001011111101001111111 (base 2) to base 15.
-608cab
Convert 17c8 (base 15) to base 13.
2453
Convert -18b58 (base 12) to base 6.
-435352
Convert 110101110100000001100010 (base 2) to base 7.
230622320
What is 335043 (base 6) in base 15?
85d3
Convert 704057 (base 12) to base 7.
20602360
Convert 1034697 (base 10) to base 6.
34102133
What is -5735356 (base 9) in base 7?
-35204622
What is -3475 (base 14) in base 5?
-242434
-24898 (base 12) to base 11
-34339
Convert 310455 (base 7) to base 10.
53058
Convert cbd7 (base 16) to base 5.
3132213
-217071 (base 11) to base 14
-90202
Convert 121222102121 (base 3) to base 6.
11055111
What is -442505120 (base 6) in base 13?
-18614a6
What is -306c57 (base 16) in base 5?
-1303022323
Convert -6b3b6 (base 13) to base 9.
-328107
Convert 515221 (base 6) to base 12.
1bb11
Convert -20014140 (base 5) to base 2.
-100110011011101100
What is 2202120102020 (base 3) in base 4?
11212112010
Convert 1012221133 (base 4) to base 8.
1065137
What is 238962 (base 12) in base 15?
b55cb
Convert -a2b65 (base 12) to base 10.
-212477
Convert -50a351 (base 14) to base 10.
-2717219
112002121201 (base 3) to base 4
1003233133
Convert -5008053 (base 10) to base 15.
-68dd03
1130a64 (base 11) to base 13
543308
What is -1b088 (base 16) in base 6?
-2212344
What is 2230214134 (base 5) in base 14?
924566
113444400 (base 7) to base 14
d0a2a7
Convert 1032ab (base 12) to base 8.
760743
Convert 1477929 (base 11) to base 16.
2695b1
What is -11363351 (base 8) in base 9?
-4605288
-112021102002 (base 3) to base 2
-1000100100110000100
Convert -9e4203 (base 15) to base 16.
-734fd6
87855 (base 9) to base 11
3a880
What is 113d7a (base 15) in base 4?
3020331331
What is 1530120 (base 9) in base 13?
23838c
What is -313442 (base 7) in base 11?
-376a1
What is -45909 (base 12) in base 9?
-151370
Convert 4004043123 (base 5) to base 6.
440503453
What is -222424010 (base 6) in base 16?
-3dc086
What is -3632b16 (base 13) in base 16?
-100598c
-2303321311 (base 4) to base 6
-23443301
Convert -1578031 (base 9) to base 5.
-211102343
What is 366032 (base 8) in base 11?
86716
Convert 478576 (base 9) to base 11.
187779
Convert 544334213 (base 6) to base 9.
20273560
10271 (base 8) to base 4
1002321
What is -1202102101122 (base 3) in base 12?
-3901bb
What is